{"id":462,"date":"2025-06-06T16:28:33","date_gmt":"2025-06-06T21:28:33","guid":{"rendered":"https:\/\/www.sonidohiphop.com\/?page_id=462"},"modified":"2025-06-06T16:51:55","modified_gmt":"2025-06-06T21:51:55","slug":"como-un-iman-ali-a-k-a-mind-feat-nach","status":"publish","type":"page","link":"https:\/\/www.sonidohiphop.com\/?page_id=462","title":{"rendered":"Como Un Im\u00e1n &#8211; Ali A.K.A. Mind Feat Nach"},"content":{"rendered":"\n\n\n\n\n<h1><font style=\"vertical-align: inherit;\"><font style=\"vertical-align: inherit;\"><font style=\"vertical-align: inherit;\"><font style=\"vertical-align: inherit;\"><font style=\"vertical-align: inherit;\"><font style=\"vertical-align: inherit;\"><font style=\"vertical-align: inherit;\"><font style=\"vertical-align: inherit;\"><font style=\"vertical-align: inherit;\"><font style=\"vertical-align: inherit;\"><font style=\"vertical-align: inherit;\"><font style=\"vertical-align: inherit;\">aLI A.K.A. MID FEAT NACH<\/font><\/font><\/font><\/font><\/font><\/font><\/font><\/font><\/font><\/font><\/font><\/font><\/h1>\n\n\n<p>Lorem Ipsum has been the industry&#8217;s standard dummy text ever since the 1500s.<\/p>\n\n\n<h1><span style=\"font-family: inherit; white-space-collapse: preserve;\"><font style=\"vertical-align: inherit;\"><font style=\"vertical-align: inherit;\"><font style=\"vertical-align: inherit;\">aLI Y nACH DEMOSTARNDO eL PODER DE SUS VERSOS<\/font><\/font><\/font><\/span><\/h1>\n\n\n<h1><font style=\"vertical-align: inherit;\"><font style=\"vertical-align: inherit;\"><font style=\"vertical-align: inherit;\"><font style=\"vertical-align: inherit;\"><font style=\"vertical-align: inherit;\"><font style=\"vertical-align: inherit;\"><font style=\"vertical-align: inherit;\"><font style=\"vertical-align: inherit;\">Sonido Hip Hop, 6 de Junio \u200b\u200bde 2025<\/font><\/font><\/font><\/font><\/font><\/font><\/font><\/font><\/h1>\n\n<h1><p class=\"pagelayer-heading-holder pagelayer-pen pagelayer-pen-focused\" pagelayer-editable=\"text\" contenteditable=\"true\"><\/p><p class=\"xdj266r x14z9mp xat24cr x1lziwak x1vvkbs x126k92a\" style=\"white-space-collapse: preserve; font-family: &quot;Segoe UI Historic&quot;, &quot;Segoe UI&quot;, Helvetica, Arial, sans-serif; color: rgb(8, 8, 9); text-decoration-style: initial;\"><\/p><p class=\"MsoNoSpacing\"><span lang=\"ES\" style=\"font-size:14.0pt;font-family:&quot;Arial Black&quot;,sans-serif;\nmso-ansi-language:ES\"><font style=\"vertical-align: inherit;\"><font style=\"vertical-align: inherit;\">Ali aka Mind lanza su Nuevo video acompa\u00f1ado por uno <\/font><\/font><br><font style=\"vertical-align: inherit;\"><font style=\"vertical-align: inherit;\">de los grandes referentes del Rap en espa\u00f1ol el se\u00f1or Nach, Colombia y Espa\u00f1a <\/font><\/font><br><font style=\"vertical-align: inherit;\"><font style=\"vertical-align: inherit;\">se unen en un tema cargado de vivencias y versos profundos.<\/font><\/font><\/span><\/p><p class=\"MsoNoSpacing\"><span lang=\"ES\" style=\"font-size:14.0pt;font-family:&quot;Arial Black&quot;,sans-serif;\nmso-ansi-language:ES\"><font style=\"vertical-align: inherit;\"><font style=\"vertical-align: inherit;\">Este nuevo sencillo del rapero Ali AKA Mind feat Nach ser\u00e1 <\/font><\/font><br><font style=\"vertical-align: inherit;\"><font style=\"vertical-align: inherit;\">parte del pr\u00f3ximo \u00e1lbum del artista colombiano que se titular\u00e1 Honesty.<\/font><\/font><\/span><\/p><p class=\"MsoNoSpacing\"><span class=\"yt-core-attributed-string--link-inherit-color\"><span lang=\"ES\" style=\"font-size: 14pt; font-family: &quot;Arial Black&quot;, sans-serif; color: rgb(19, 19, 19); border-width: 1pt; border-style: none; border-color: windowtext; padding: 0cm;\"><font style=\"vertical-align: inherit;\"><font style=\"vertical-align: inherit;\">El beat producido: Tron Dosh &amp; Daniel <\/font><\/font><br><font style=\"vertical-align: inherit;\"><font style=\"vertical-align: inherit;\">Catal\u00e1<\/font><\/font><\/span><\/span><\/p><p class=\"MsoNoSpacing\"><span class=\"yt-core-attributed-string--link-inherit-color\"><span lang=\"ES\" style=\"font-size: 14pt; font-family: &quot;Arial Black&quot;, sans-serif; color: rgb(19, 19, 19); border-width: 1pt; border-style: none; border-color: windowtext; padding: 0cm;\"><font style=\"vertical-align: inherit;\"><font style=\"vertical-align: inherit;\">La mezcla y maestro: <\/font><\/font><\/span><\/span><font style=\"vertical-align: inherit;\"><span class=\"yt-core-attributed-string--link-inherit-color\"><span class=\"yt-core-attributed-string--link-inherit-color\"><span lang=\"ES\" style=\"font-size: 14pt; font-family: &quot;Arial Black&quot;, sans-serif; border-width: 1pt; border-style: none; border-color: windowtext; padding: 0cm;\"><font style=\"vertical-align: inherit;\">alka produce<\/font><\/span><\/span><\/span><\/font><span class=\"yt-core-attributed-string--link-inherit-color\"><span lang=\"ES\" style=\"font-size: 14pt; font-family: &quot;Arial Black&quot;, sans-serif; color: rgb(6, 95, 212); border-width: 1pt; border-style: none; border-color: windowtext; padding: 0cm;\"><span style=\"background: rgba(0, 0, 0, 0.05); white-space-collapse: preserve; text-decoration-style: initial;\">&nbsp;<\/span><\/span><span class=\"yt-core-attributed-string--link-inherit-color\"><span lang=\"ES\" style=\"font-size: 14pt; font-family: &quot;Arial Black&quot;, sans-serif; border-width: 1pt; border-style: none; border-color: windowtext; padding: 0cm;\"><font style=\"vertical-align: inherit;\"><\/font><\/span><\/span><\/span><\/p><p class=\"MsoNoSpacing\"><span class=\"yt-core-attributed-string--link-inherit-color\"><span lang=\"ES\" style=\"font-size: 14pt; font-family: &quot;Arial Black&quot;, sans-serif; color: rgb(19, 19, 19); border-width: 1pt; border-style: none; border-color: windowtext; padding: 0cm;\"><font style=\"vertical-align: inherit;\"><font style=\"vertical-align: inherit;\">Rasgu\u00f1os: DJ Akrylik<\/font><\/font><\/span><\/span><\/p><p class=\"MsoNoSpacing\"><span class=\"yt-core-attributed-string--link-inherit-color\"><span lang=\"ES\" style=\"font-size: 14pt; font-family: &quot;Arial Black&quot;, sans-serif; color: rgb(19, 19, 19); border-width: 1pt; border-style: none; border-color: windowtext; padding: 0cm;\"><font style=\"vertical-align: inherit;\"><font style=\"vertical-align: inherit;\">V\u00eddeo: Direcci\u00f3n: Scaramouche &amp; Ali <\/font><\/font><br><font style=\"vertical-align: inherit;\"><font style=\"vertical-align: inherit;\">Producci\u00f3n: Ave Mercuri Films<\/font><\/font><\/span><\/span><\/p><\/h1>\n\n<p><br><\/p>\n\n\n\n\n\n\n\n\n\n\n\n\n","protected":false},"excerpt":{"rendered":"","protected":false},"author":1,"featured_media":0,"parent":238,"menu_order":0,"comment_status":"closed","ping_status":"closed","template":"","meta":{"pagelayer_contact_templates":[],"_pagelayer_content":"","h5ap_radio_sources":[],"footnotes":""},"class_list":["post-462","page","type-page","status-publish","hentry"],"_links":{"self":[{"href":"https:\/\/www.sonidohiphop.com\/index.php?rest_route=\/wp\/v2\/pages\/462","targetHints":{"allow":["GET"]}}],"collection":[{"href":"https:\/\/www.sonidohiphop.com\/index.php?rest_route=\/wp\/v2\/pages"}],"about":[{"href":"https:\/\/www.sonidohiphop.com\/index.php?rest_route=\/wp\/v2\/types\/page"}],"author":[{"embeddable":true,"href":"https:\/\/www.sonidohiphop.com\/index.php?rest_route=\/wp\/v2\/users\/1"}],"replies":[{"embeddable":true,"href":"https:\/\/www.sonidohiphop.com\/index.php?rest_route=%2Fwp%2Fv2%2Fcomments&post=462"}],"version-history":[{"count":4,"href":"https:\/\/www.sonidohiphop.com\/index.php?rest_route=\/wp\/v2\/pages\/462\/revisions"}],"predecessor-version":[{"id":470,"href":"https:\/\/www.sonidohiphop.com\/index.php?rest_route=\/wp\/v2\/pages\/462\/revisions\/470"}],"up":[{"embeddable":true,"href":"https:\/\/www.sonidohiphop.com\/index.php?rest_route=\/wp\/v2\/pages\/238"}],"wp:attachment":[{"href":"https:\/\/www.sonidohiphop.com\/index.php?rest_route=%2Fwp%2Fv2%2Fmedia&parent=462"}],"curies":[{"name":"wp","href":"https:\/\/api.w.org\/{rel}","templated":true}]}}