{"id":609,"date":"2025-08-12T11:25:38","date_gmt":"2025-08-12T16:25:38","guid":{"rendered":"https:\/\/www.sonidohiphop.com\/?page_id=609"},"modified":"2025-09-24T15:23:18","modified_gmt":"2025-09-24T20:23:18","slug":"tatiana-gomez","status":"publish","type":"page","link":"https:\/\/www.sonidohiphop.com\/?page_id=609","title":{"rendered":"Tatiana G\u00f3mez"},"content":{"rendered":"\n\n\n\n<h1><font style=\"vertical-align: inherit;\"><font style=\"vertical-align: inherit;\"><font style=\"vertical-align: inherit;\"><font style=\"vertical-align: inherit;\"><font style=\"vertical-align: inherit;\"><font style=\"vertical-align: inherit;\"><font style=\"vertical-align: inherit;\"><font style=\"vertical-align: inherit;\"><font style=\"vertical-align: inherit;\"><font style=\"vertical-align: inherit;\">tatiana g\u00f3mez<\/font><\/font><\/font><\/font><\/font><\/font><\/font><\/font><\/font><\/font><\/h1>\n\n\n\n\n\n\n\n\n\n\n\n\n\n\n\n\n\n\n\n\n\n\n\n\n<h1><font style=\"vertical-align: inherit;\"><font style=\"vertical-align: inherit;\"><font style=\"vertical-align: inherit;\"><font style=\"vertical-align: inherit;\"><font style=\"vertical-align: inherit;\"><font style=\"vertical-align: inherit;\"><font style=\"vertical-align: inherit;\"><font style=\"vertical-align: inherit;\">Sonido Hip Hop, martes 12 de agosto de 2025<\/font><\/font><\/font><\/font><\/font><\/font><\/font><\/font><\/h1>\n<p class=\"MsoNoSpacing\" style=\"text-align:justify\"><span style=\"font-size: 14pt;\"><font style=\"vertical-align: inherit;\"><font style=\"vertical-align: inherit;\">Tras un a\u00f1o inolvidable donde se consolid\u00f3 como una de las voces m\u00e1s<\/font><\/font><\/span><\/p>\n\n<p class=\"MsoNoSpacing\" style=\"text-align:justify\"><span lang=\"ES\" style=\"font-size:14.0pt;mso-ansi-language:ES\"><font style=\"vertical-align: inherit;\"><font style=\"vertical-align: inherit;\">importantes del rap colombiano \u2014siendo la artista n\u00famero 1 en Hip Hop al Parque 2024, recorriendo M\u00e9xico con su m\u00fasica y representando a Colombia en el BIME 2025.<\/font><\/font><o:p><\/o:p><\/span><\/p>\n\n<p class=\"MsoNoSpacing\" style=\"text-align:justify\"><span lang=\"ES\" style=\"font-size:14.0pt;mso-ansi-language:ES\"><font style=\"vertical-align: inherit;\"><font style=\"vertical-align: inherit;\">Su logro m\u00e1s significativo hasta la fecha fue la hist\u00f3rica victoria en la convocatoria Hip Hop al Parque, donde obtuvo el primer lugar, un hito nunca antes alcanzado por una mujer solista en los a\u00f1os de existencia del festival. Este triunfo no solo marc\u00f3 un precedente, sino que tambi\u00e9n reafirm\u00f3 su lugar como una de las artistas m\u00e1s innovadoras y potentes del g\u00e9nero.<\/font><\/font><o:p><\/o:p><\/span><\/p>\n\n<p class=\"MsoNoSpacing\" style=\"text-align:justify\"><span lang=\"ES\" style=\"font-size:14.0pt;mso-ansi-language:ES\"><font style=\"vertical-align: inherit;\"><font style=\"vertical-align: inherit;\">A lo largo de su carrera, Tatiana G\u00f3mez Madame ha colaborado con algunos de los raperos m\u00e1s influyentes de la escena, creando canciones que no solo destacan por su calidad t\u00e9cnica, sino tambi\u00e9n por su capacidad de conectarse profundamente con el oyente. Sus letras, cargadas de emoci\u00f3n y realidad, abordan temas de superaci\u00f3n, resistencia y empoderamiento, ofreciendo un mensaje genuino y relevante que resuena en quienes las escuchan.<\/font><\/font><o:p><\/o:p><\/span><\/p>\n\n<p class=\"MsoNoSpacing\" style=\"text-align:justify\"><span lang=\"ES\" style=\"font-size:14.0pt;mso-ansi-language:ES\"><font style=\"vertical-align: inherit;\"><font style=\"vertical-align: inherit;\">Tatiana G\u00f3mez Madame no solo es una cantante de rap, es una inspiraci\u00f3n para las nuevas generaciones, una mujer que ha roto barreras y ha demostrado que el rap tiene una voz femenina poderosa y real.<\/font><\/font><o:p><\/o:p><\/span><\/p>\n\n<p class=\"MsoNoSpacing\" style=\"text-align:justify\"><span lang=\"ES\" style=\"font-size:14.0pt;mso-ansi-language:ES\"><o:p><\/o:p><\/span><\/p>\n<p><iframe data-testid=\"embed-iframe\" style=\"border-radius:12px\" src=\"https:\/\/open.spotify.com\/embed\/artist\/0Bwdg8Wfolta9Eum4FQGVI?utm_source=generator\" width=\"100%\" height=\"352\" frameBorder=\"0\" allowfullscreen=\"\" allow=\"autoplay; clipboard-write; encrypted-media; fullscreen; picture-in-picture\" loading=\"lazy\"><\/iframe><\/p>\n<h6><b style=\"text-align: justify;\"><span lang=\"ES\" style=\"font-size:18.0pt;font-family:&quot;Bernard MT Condensed&quot;,serif;\nmso-ansi-language:ES\"><font style=\"vertical-align: inherit;\"><font style=\"vertical-align: inherit; color: rgb(0, 0, 0);\">SU \u00daLTIMO VIDEO<\/font><\/font><\/span><\/b><\/h6><p class=\"MsoNoSpacing\" style=\"text-align:justify\"><b><span lang=\"ES\" style=\"font-size:18.0pt;font-family:&quot;Bernard MT Condensed&quot;,serif;\nmso-ansi-language:ES\"><o:p><\/o:p><\/span><\/b><\/p>\n\n<h6><font face=\"Bernard MT Condensed, serif\"><span style=\"font-size: 24px;\"><b>PORTADA DE LA EDICI\u00d3N # 35 DEL PERIODICO LA FREKUENCIA<\/b><\/span><\/font><\/h6><p class=\"MsoNoSpacing\" style=\"text-align:justify\"><strong><span lang=\"ES\" style=\"font-size:18.0pt;font-family:&quot;Bernard MT Condensed&quot;,serif;\nmso-ansi-language:ES\"><o:p><\/o:p><\/span><\/strong><\/p>\n\n\n\n\n\n\n\n\n\n\n","protected":false},"excerpt":{"rendered":"","protected":false},"author":1,"featured_media":0,"parent":184,"menu_order":0,"comment_status":"closed","ping_status":"closed","template":"","meta":{"pagelayer_contact_templates":[],"_pagelayer_content":"","h5ap_radio_sources":[],"footnotes":""},"class_list":["post-609","page","type-page","status-publish","hentry"],"_links":{"self":[{"href":"https:\/\/www.sonidohiphop.com\/index.php?rest_route=\/wp\/v2\/pages\/609","targetHints":{"allow":["GET"]}}],"collection":[{"href":"https:\/\/www.sonidohiphop.com\/index.php?rest_route=\/wp\/v2\/pages"}],"about":[{"href":"https:\/\/www.sonidohiphop.com\/index.php?rest_route=\/wp\/v2\/types\/page"}],"author":[{"embeddable":true,"href":"https:\/\/www.sonidohiphop.com\/index.php?rest_route=\/wp\/v2\/users\/1"}],"replies":[{"embeddable":true,"href":"https:\/\/www.sonidohiphop.com\/index.php?rest_route=%2Fwp%2Fv2%2Fcomments&post=609"}],"version-history":[{"count":8,"href":"https:\/\/www.sonidohiphop.com\/index.php?rest_route=\/wp\/v2\/pages\/609\/revisions"}],"predecessor-version":[{"id":736,"href":"https:\/\/www.sonidohiphop.com\/index.php?rest_route=\/wp\/v2\/pages\/609\/revisions\/736"}],"up":[{"embeddable":true,"href":"https:\/\/www.sonidohiphop.com\/index.php?rest_route=\/wp\/v2\/pages\/184"}],"wp:attachment":[{"href":"https:\/\/www.sonidohiphop.com\/index.php?rest_route=%2Fwp%2Fv2%2Fmedia&parent=609"}],"curies":[{"name":"wp","href":"https:\/\/api.w.org\/{rel}","templated":true}]}}