{"id":623,"date":"2025-08-29T00:29:53","date_gmt":"2025-08-29T05:29:53","guid":{"rendered":"https:\/\/www.sonidohiphop.com\/?page_id=623"},"modified":"2025-08-29T00:47:38","modified_gmt":"2025-08-29T05:47:38","slug":"guerreras","status":"publish","type":"page","link":"https:\/\/www.sonidohiphop.com\/?page_id=623","title":{"rendered":"Guerreras"},"content":{"rendered":"\n\n\n\n<h1><font style=\"vertical-align: inherit;\"><font style=\"vertical-align: inherit;\"><font style=\"vertical-align: inherit;\"><font style=\"vertical-align: inherit;\"><font style=\"vertical-align: inherit;\"><font style=\"vertical-align: inherit;\"><font style=\"vertical-align: inherit;\"><font style=\"vertical-align: inherit;\"><font dir=\"auto\" style=\"vertical-align: inherit;\"><font dir=\"auto\" style=\"vertical-align: inherit;\">GUERRERAS<\/font><\/font><\/font><\/font><\/font><\/font><\/font><\/font><\/font><\/font><\/h1>\n\n\n\n\n\n\n\n\n\n\n\n\n\n\n\n\n\n\n<h1><font style=\"vertical-align: inherit;\"><font style=\"vertical-align: inherit;\"><font style=\"vertical-align: inherit;\"><font style=\"vertical-align: inherit;\"><font dir=\"auto\" style=\"vertical-align: inherit;\"><font dir=\"auto\" style=\"vertical-align: inherit;\">Sonido Hip Hop, viernes 29 de agosto de 2025<\/font><\/font><\/font><\/font><\/font><\/font><\/h1>\n<p class=\"MsoNormal\" style=\"text-align:justify\"><span lang=\"ES\" style=\"font-size:\n16.0pt;line-height:107%;mso-ansi-language:ES\">Se\u00f1al Colombia presenta: &#8216;Las\nguerreras&#8217;, una miniserie que cuenta con la participaci\u00f3n de la rapera Kei\nlinchh, donde interpreta a una joven de barrio que lucha por contar su historia\nen rimas, en compa\u00f1\u00eda de una vieja amiga.<\/span><span lang=\"ES\" style=\"font-size:\n16.0pt;line-height:107%;font-family:&quot;Segoe UI Symbol&quot;,sans-serif;mso-bidi-font-family:\n&quot;Segoe UI Symbol&quot;;mso-ansi-language:ES\"><o:p><\/o:p><\/span><\/p><p class=\"MsoNormal\" style=\"text-align:justify\"><span lang=\"ES\" style=\"font-size:\n16.0pt;line-height:107%;mso-ansi-language:ES\">&nbsp;Disfruta la marat\u00f3n de este proyecto\naudiovisual, resultado de la convocatoria Abre C\u00e1mara del Ministerio TIC\nColombia. <o:p><\/o:p><\/span><\/p><p class=\"MsoNormal\" style=\"text-align:justify\"><span lang=\"ES\" style=\"font-size:\n16.0pt;line-height:107%;mso-ansi-language:ES\">Este s\u00e1bado 30 llega la\nproyecci\u00f3n exclusiva de Las Guerreras: marat\u00f3n por Se\u00f1al Colombia desde las\n3:00 p.m. \u2014 emisi\u00f3n \u00fanica, no va a quedar en ning\u00fan lado.<o:p><\/o:p><\/span><\/p><p class=\"MsoNormal\" style=\"text-align:justify\"><span lang=\"ES\" style=\"font-size:\n16.0pt;line-height:107%;mso-ansi-language:ES\">Una serie actuada por raper@s y\ndirigida por @fhpositivo (mismo director de Un Var\u00f3n), que se cruza con la\nrealidad de nuestros barrios populares. Un homenaje y una reflexi\u00f3n sobre las\nproblem\u00e1ticas que vivimos d\u00eda a d\u00eda: la violencia, el microtr\u00e1fico, la ausencia\nde oportunidades\u2026 realidades que marcan y duelen, pero que tambi\u00e9n nos invitan\na resistir y transformar.<o:p><\/o:p><\/span><\/p><p class=\"MsoNormal\" style=\"text-align:justify\"><span lang=\"ES\" style=\"font-size:\n16.0pt;line-height:107%;mso-ansi-language:ES\">En medio de la coyuntura que hoy\nsacude a Bogot\u00e1 y a la cultura hip hop, Las Guerreras tambi\u00e9n es s\u00edmbolo de\nalgo m\u00e1s: que el rap bogotano s\u00ed est\u00e1 unido, que entre artistas hay respeto, y\nque por m\u00e1s que intenten dividir o sectorizar desde la ignorancia, la cultura\nest\u00e1 m\u00e1s viva que nunca.<o:p><\/o:p><\/span><\/p><p class=\"MsoNormal\" style=\"text-align:justify\"><span lang=\"ES\" style=\"font-size:\n16.0pt;line-height:107%;mso-ansi-language:ES\">Las Guerreras no es solo una\nserie. Es memoria hist\u00f3rica.<o:p><\/o:p><\/span><\/p><p class=\"MsoNoSpacing\" style=\"text-align:justify\">\n\n\n\n\n\n\n\n\n\n\n\n<\/p><p class=\"MsoNormal\" style=\"text-align:justify\"><span lang=\"ES\" style=\"font-size:\n16.0pt;line-height:107%;mso-ansi-language:ES\">Estreno este s\u00e1bado 30 de agosto,\n3 p.m.<o:p><\/o:p><\/span><\/p>\n\n\n\n\n\n\n\n\n\n\n","protected":false},"excerpt":{"rendered":"","protected":false},"author":1,"featured_media":0,"parent":184,"menu_order":0,"comment_status":"closed","ping_status":"closed","template":"","meta":{"pagelayer_contact_templates":[],"_pagelayer_content":"","h5ap_radio_sources":[],"footnotes":""},"class_list":["post-623","page","type-page","status-publish","hentry"],"_links":{"self":[{"href":"https:\/\/www.sonidohiphop.com\/index.php?rest_route=\/wp\/v2\/pages\/623","targetHints":{"allow":["GET"]}}],"collection":[{"href":"https:\/\/www.sonidohiphop.com\/index.php?rest_route=\/wp\/v2\/pages"}],"about":[{"href":"https:\/\/www.sonidohiphop.com\/index.php?rest_route=\/wp\/v2\/types\/page"}],"author":[{"embeddable":true,"href":"https:\/\/www.sonidohiphop.com\/index.php?rest_route=\/wp\/v2\/users\/1"}],"replies":[{"embeddable":true,"href":"https:\/\/www.sonidohiphop.com\/index.php?rest_route=%2Fwp%2Fv2%2Fcomments&post=623"}],"version-history":[{"count":4,"href":"https:\/\/www.sonidohiphop.com\/index.php?rest_route=\/wp\/v2\/pages\/623\/revisions"}],"predecessor-version":[{"id":634,"href":"https:\/\/www.sonidohiphop.com\/index.php?rest_route=\/wp\/v2\/pages\/623\/revisions\/634"}],"up":[{"embeddable":true,"href":"https:\/\/www.sonidohiphop.com\/index.php?rest_route=\/wp\/v2\/pages\/184"}],"wp:attachment":[{"href":"https:\/\/www.sonidohiphop.com\/index.php?rest_route=%2Fwp%2Fv2%2Fmedia&parent=623"}],"curies":[{"name":"wp","href":"https:\/\/api.w.org\/{rel}","templated":true}]}}

<h1><font style="vertical-align: inherit;"><font style="vertical-align: inherit;"><font style="vertical-align: inherit;"><font style="vertical-align: inherit;"><font style="vertical-align: inherit;"><font style="vertical-align: inherit;"><font style="vertical-align: inherit;"><font style="vertical-align: inherit;"><font dir="auto" style="vertical-align: inherit;"><font dir="auto" style="vertical-align: inherit;">GUERRERAS</font></font></font></font></font></font></font></font></font></font></h1>


















<h1><font style="vertical-align: inherit;"><font style="vertical-align: inherit;"><font style="vertical-align: inherit;"><font style="vertical-align: inherit;"><font dir="auto" style="vertical-align: inherit;"><font dir="auto" style="vertical-align: inherit;">Sonido Hip Hop, viernes 29 de agosto de 2025</font></font></font></font></font></font></h1>
<p class="MsoNormal" style="text-align:justify"><span lang="ES" style="font-size:
16.0pt;line-height:107%;mso-ansi-language:ES">Señal Colombia presenta: &#8216;Las
guerreras&#8217;, una miniserie que cuenta con la participación de la rapera Kei
linchh, donde interpreta a una joven de barrio que lucha por contar su historia
en rimas, en compañía de una vieja amiga.</span><span lang="ES" style="font-size:
16.0pt;line-height:107%;font-family:&quot;Segoe UI Symbol&quot;,sans-serif;mso-bidi-font-family:
&quot;Segoe UI Symbol&quot;;mso-ansi-language:ES"><o:p></o:p></span></p><p class="MsoNormal" style="text-align:justify"><span lang="ES" style="font-size:
16.0pt;line-height:107%;mso-ansi-language:ES">&nbsp;Disfruta la maratón de este proyecto
audiovisual, resultado de la convocatoria Abre Cámara del Ministerio TIC
Colombia. <o:p></o:p></span></p><p class="MsoNormal" style="text-align:justify"><span lang="ES" style="font-size:
16.0pt;line-height:107%;mso-ansi-language:ES">Este sábado 30 llega la
proyección exclusiva de Las Guerreras: maratón por Señal Colombia desde las
3:00 p.m. — emisión única, no va a quedar en ningún lado.<o:p></o:p></span></p><p class="MsoNormal" style="text-align:justify"><span lang="ES" style="font-size:
16.0pt;line-height:107%;mso-ansi-language:ES">Una serie actuada por raper@s y
dirigida por @fhpositivo (mismo director de Un Varón), que se cruza con la
realidad de nuestros barrios populares. Un homenaje y una reflexión sobre las
problemáticas que vivimos día a día: la violencia, el microtráfico, la ausencia
de oportunidades… realidades que marcan y duelen, pero que también nos invitan
a resistir y transformar.<o:p></o:p></span></p><p class="MsoNormal" style="text-align:justify"><span lang="ES" style="font-size:
16.0pt;line-height:107%;mso-ansi-language:ES">En medio de la coyuntura que hoy
sacude a Bogotá y a la cultura hip hop, Las Guerreras también es símbolo de
algo más: que el rap bogotano sí está unido, que entre artistas hay respeto, y
que por más que intenten dividir o sectorizar desde la ignorancia, la cultura
está más viva que nunca.<o:p></o:p></span></p><p class="MsoNormal" style="text-align:justify"><span lang="ES" style="font-size:
16.0pt;line-height:107%;mso-ansi-language:ES">Las Guerreras no es solo una
serie. Es memoria histórica.<o:p></o:p></span></p><p class="MsoNoSpacing" style="text-align:justify">











</p><p class="MsoNormal" style="text-align:justify"><span lang="ES" style="font-size:
16.0pt;line-height:107%;mso-ansi-language:ES">Estreno este sábado 30 de agosto,
3 p.m.<o:p></o:p></span></p>
