{"id":714,"date":"2025-09-24T14:15:50","date_gmt":"2025-09-24T19:15:50","guid":{"rendered":"https:\/\/www.sonidohiphop.com\/?page_id=714"},"modified":"2025-09-24T14:53:34","modified_gmt":"2025-09-24T19:53:34","slug":"natalicio","status":"publish","type":"page","link":"https:\/\/www.sonidohiphop.com\/?page_id=714","title":{"rendered":"Natalicio"},"content":{"rendered":"\n\n\n\n<h1><font dir=\"auto\" style=\"vertical-align: inherit;\"><font dir=\"auto\" style=\"vertical-align: inherit;\">NATALICIO<\/font><\/font><\/h1>\n\n\n\n\n\n\n\n\n\n\n\n\n\n\n\n\n\n\n\n\n\n\n\n\n<h1><font style=\"vertical-align: inherit;\"><font style=\"vertical-align: inherit;\"><font style=\"vertical-align: inherit;\"><font style=\"vertical-align: inherit;\"><font dir=\"auto\" style=\"vertical-align: inherit;\"><font dir=\"auto\" style=\"vertical-align: inherit;\">Sonido Hip Hop, miercoles 24 de septiembre de 2025<\/font><\/font><\/font><\/font><\/font><\/font><\/h1>\n<p class=\"MsoNoSpacing\" style=\"text-align:justify\"><b><span lang=\"ES\" style=\"font-size:16.0pt;font-family:&quot;Arial&quot;,sans-serif;\nmso-ansi-language:ES\">Natalicio: Dos d\u00e9cadas de Rap, resistencia y cultura\ndesde los barrios de Bogot\u00e1<o:p><\/o:p><\/span><\/b><\/p><p class=\"MsoNoSpacing\" style=\"text-align:justify\"><span lang=\"ES\" style=\"font-size:14.0pt;font-family:&quot;Arial&quot;,sans-serif;mso-ansi-language:ES\">&nbsp;<\/span><\/p><p class=\"MsoNoSpacing\" style=\"text-align:justify\"><span lang=\"ES\" style=\"font-size:14.0pt;font-family:&quot;Arial&quot;,sans-serif;mso-ansi-language:ES\">El\nrap colombiano sigue siendo una escuela de vida, un canal de expresi\u00f3n y un\ncamino de resistencia para quienes creen en el poder de la palabra. En esa l\u00ednea\nse encuentra Natalicio, Mc bogotano que desde el 2002 ha construido un proyecto\ns\u00f3lido enfocado en promover el arte y aportar a la sociedad a trav\u00e9s del Hip\nHop.<o:p><\/o:p><\/span><\/p><p class=\"MsoNoSpacing\" style=\"text-align:justify\"><span lang=\"ES\" style=\"font-size:14.0pt;font-family:&quot;Arial&quot;,sans-serif;mso-ansi-language:ES\">&nbsp;<\/span><\/p><p class=\"MsoNoSpacing\" style=\"text-align:justify\"><b><span lang=\"ES\" style=\"font-size:14.0pt;font-family:&quot;Arial&quot;,sans-serif;\nmso-ansi-language:ES\">Los primeros pasos<o:p><\/o:p><\/span><\/b><\/p><p class=\"MsoNoSpacing\" style=\"text-align:justify\"><span lang=\"ES\" style=\"font-size:14.0pt;font-family:&quot;Arial&quot;,sans-serif;mso-ansi-language:ES\">&nbsp;<\/span><\/p><p class=\"MsoNoSpacing\" style=\"text-align:justify\"><span lang=\"ES\" style=\"font-size:14.0pt;font-family:&quot;Arial&quot;,sans-serif;mso-ansi-language:ES\">La\nhistoria de Natalicio comienza en 2002, cuando empez\u00f3 a grabar sus primeras\nrimas en casetes, sobre pistas que circulaban en la \u00e9poca. Para finales de 2005\ndio el salto a los estudios profesionales, registrando sus primeras canciones\nen formato mp3 en Ekino Pro.<o:p><\/o:p><\/span><\/p><p class=\"MsoNoSpacing\" style=\"text-align:justify\"><span lang=\"ES\" style=\"font-size:14.0pt;font-family:&quot;Arial&quot;,sans-serif;mso-ansi-language:ES\">En\n2008 particip\u00f3 en un concurso organizado por Morfina Producciones, y un a\u00f1o\ndespu\u00e9s, en 2009, dio un paso clave para su carrera: mont\u00f3 un estudio casero\nque bautiz\u00f3 Emp\u00edricos R\u00e9cords, espacio desde donde comenz\u00f3 a apoyar talento\nlocal y distrital, contribuyendo directamente al crecimiento de la cultura Hip\nHop en Bogot\u00e1.<o:p><\/o:p><\/span><\/p><p class=\"MsoNoSpacing\" style=\"text-align:justify\"><span lang=\"ES\" style=\"font-size:14.0pt;font-family:&quot;Arial&quot;,sans-serif;mso-ansi-language:ES\">&nbsp;<\/span><\/p><p class=\"MsoNoSpacing\" style=\"text-align:justify\"><b><span lang=\"ES\" style=\"font-size:14.0pt;font-family:&quot;Arial&quot;,sans-serif;\nmso-ansi-language:ES\">Influencias y recorrido<o:p><\/o:p><\/span><\/b><\/p><p class=\"MsoNoSpacing\" style=\"text-align:justify\"><span lang=\"ES\" style=\"font-size:14.0pt;font-family:&quot;Arial&quot;,sans-serif;mso-ansi-language:ES\">&nbsp;<\/span><\/p><p class=\"MsoNoSpacing\" style=\"text-align:justify\"><span lang=\"ES\" style=\"font-size:14.0pt;font-family:&quot;Arial&quot;,sans-serif;mso-ansi-language:ES\">El\nsonido de Natalicio se alimenta de influencias de distintos pa\u00edses: Colombia,\nPuerto Rico, M\u00e9xico, Estados Unidos, Francia y Espa\u00f1a. Esa diversidad se\nrefleja en sus m\u00e9tricas, flows y la visi\u00f3n de un Hip Hop sin fronteras.<o:p><\/o:p><\/span><\/p><p class=\"MsoNoSpacing\" style=\"text-align:justify\"><span lang=\"ES\" style=\"font-size:14.0pt;font-family:&quot;Arial&quot;,sans-serif;mso-ansi-language:ES\">Ha\nsido parte de colectivos y grupos en varias localidades de Bogot\u00e1 \u2014Bosa,\nKennedy, Ciudad Bol\u00edvar, Suba, Puente Aranda\u2014 y tambi\u00e9n en el municipio de\nSoacha. Entre ellos destacan Smook Crew, D.A.S, Secreta Sociedad, La 207 y C\nWorldwide. Actualmente, trabaja con La Urban DC, en Axioma R\u00e9cords y\nsimult\u00e1neamente en Real Audio The Company, donde participa en el disco del\nproyecto Hecho en Kennedy.<o:p><\/o:p><\/span><\/p><p class=\"MsoNoSpacing\" style=\"text-align:justify\"><span lang=\"ES\" style=\"font-size:14.0pt;font-family:&quot;Arial&quot;,sans-serif;mso-ansi-language:ES\">&nbsp;<\/span><\/p><p class=\"MsoNoSpacing\" style=\"text-align:justify\"><b><span lang=\"ES\" style=\"font-size:14.0pt;font-family:&quot;Arial&quot;,sans-serif;\nmso-ansi-language:ES\">Una propuesta con misi\u00f3n social<o:p><\/o:p><\/span><\/b><\/p><p class=\"MsoNoSpacing\" style=\"text-align:justify\"><span lang=\"ES\" style=\"font-size:14.0pt;font-family:&quot;Arial&quot;,sans-serif;mso-ansi-language:ES\">&nbsp;<\/span><\/p><p class=\"MsoNoSpacing\" style=\"text-align:justify\"><span lang=\"ES\" style=\"font-size:14.0pt;font-family:&quot;Arial&quot;,sans-serif;mso-ansi-language:ES\">M\u00e1s\nall\u00e1 de la m\u00fasica, la propuesta de Natalicio est\u00e1 enfocada en crear alianzas y\ncanales de difusi\u00f3n que permitan llevar mensajes de reflexi\u00f3n y conciencia. Su\nobjetivo es incentivar el estudio, el trabajo en equipo y, sobre todo, motivar\na los j\u00f3venes a reconocer que existen herramientas y espacios que pueden ser\nsalvavidas en medio de las problem\u00e1ticas barriales.<o:p><\/o:p><\/span><\/p><p class=\"MsoNoSpacing\" style=\"text-align:justify\"><span lang=\"ES\" style=\"font-size:14.0pt;font-family:&quot;Arial&quot;,sans-serif;mso-ansi-language:ES\">&nbsp;<\/span><\/p><p class=\"MsoNoSpacing\" style=\"text-align:justify\"><b><span lang=\"ES\" style=\"font-size:14.0pt;font-family:&quot;Arial&quot;,sans-serif;\nmso-ansi-language:ES\">Sobre el escenario<o:p><\/o:p><\/span><\/b><\/p><p class=\"MsoNoSpacing\" style=\"text-align:justify\"><span lang=\"ES\" style=\"font-size:14.0pt;font-family:&quot;Arial&quot;,sans-serif;mso-ansi-language:ES\">&nbsp;<\/span><\/p><p class=\"MsoNoSpacing\" style=\"text-align:justify\"><span lang=\"ES\" style=\"font-size:14.0pt;font-family:&quot;Arial&quot;,sans-serif;mso-ansi-language:ES\">La\ncarrera de Natalicio tambi\u00e9n se mide en tarima. Su presencia en vivo ha\nrecorrido distintos espacios culturales, bares, universidades y festivales\ndesde 2008 hasta la fecha. Entre los m\u00e1s destacados est\u00e1n:<o:p><\/o:p><\/span><\/p><p class=\"MsoNoSpacing\" style=\"text-align:justify\"><span lang=\"ES\" style=\"font-size:14.0pt;font-family:&quot;Arial&quot;,sans-serif;mso-ansi-language:ES\">&nbsp;<\/span><\/p><p class=\"MsoNoSpacing\" style=\"text-align:justify\"><span lang=\"ES\" style=\"font-size:14.0pt;font-family:&quot;Arial&quot;,sans-serif;mso-ansi-language:ES\">Comuna\n13 (Medell\u00edn, 2023)<o:p><\/o:p><\/span><\/p><p class=\"MsoNoSpacing\" style=\"text-align:justify\"><span lang=\"ES\" style=\"font-size:14.0pt;font-family:&quot;Arial&quot;,sans-serif;mso-ansi-language:ES\">Festival\nHip Hop Soacha (2018)<o:p><\/o:p><\/span><\/p><p class=\"MsoNoSpacing\" style=\"text-align:justify\"><span lang=\"ES\" style=\"font-size:14.0pt;font-family:&quot;Arial&quot;,sans-serif;mso-ansi-language:ES\">Jueves\nde Rap (Bosa y Banderas, 2020 \u2013 2021)<o:p><\/o:p><\/span><\/p><p class=\"MsoNoSpacing\" style=\"text-align:justify\"><span lang=\"ES\" style=\"font-size:14.0pt;font-family:&quot;Arial&quot;,sans-serif;mso-ansi-language:ES\">Rap\nRevoluci\u00f3n (Floresta Sur, 2021)<o:p><\/o:p><\/span><\/p><p class=\"MsoNoSpacing\" style=\"text-align:justify\"><span lang=\"ES\" style=\"font-size:14.0pt;font-family:&quot;Arial&quot;,sans-serif;mso-ansi-language:ES\">Trueques\nde Barrio (Aloha, 2022)<o:p><\/o:p><\/span><\/p><p class=\"MsoNoSpacing\" style=\"text-align:justify\"><span lang=\"ES\" style=\"font-size:14.0pt;font-family:&quot;Arial&quot;,sans-serif;mso-ansi-language:ES\">Feriarte\nHip Hop Kennedy (2024)<o:p><\/o:p><\/span><\/p><p class=\"MsoNoSpacing\" style=\"text-align:justify\"><span lang=\"ES\" style=\"font-size:14.0pt;font-family:&quot;Arial&quot;,sans-serif;mso-ansi-language:ES\">Adem\u00e1s\nde m\u00faltiples escenarios en Chapinero, Puente Aranda, Kennedy y Soacha,\nconsolidando una carrera constante y de calle.<o:p><\/o:p><\/span><\/p><p class=\"MsoNoSpacing\" style=\"text-align:justify\"><span lang=\"ES\" style=\"font-size:14.0pt;font-family:&quot;Arial&quot;,sans-serif;mso-ansi-language:ES\">&nbsp;<\/span><\/p><p class=\"MsoNoSpacing\" style=\"text-align:justify\"><b><span lang=\"ES\" style=\"font-size:14.0pt;font-family:&quot;Arial&quot;,sans-serif;\nmso-ansi-language:ES\">Participaciones en discos<o:p><\/o:p><\/span><\/b><\/p><p class=\"MsoNoSpacing\" style=\"text-align:justify\"><span lang=\"ES\" style=\"font-size:14.0pt;font-family:&quot;Arial&quot;,sans-serif;mso-ansi-language:ES\">&nbsp;<\/span><\/p><p class=\"MsoNoSpacing\" style=\"text-align:justify\"><span lang=\"ES\" style=\"font-size:14.0pt;font-family:&quot;Arial&quot;,sans-serif;mso-ansi-language:ES\">El\naporte de Natalicio tambi\u00e9n se refleja en varias producciones colaborativas:<o:p><\/o:p><\/span><\/p><p class=\"MsoNoSpacing\" style=\"text-align:justify\"><span style=\"font-size:14.0pt;\nfont-family:&quot;Arial&quot;,sans-serif\">&nbsp;<\/span><\/p><p class=\"MsoNoSpacing\" style=\"text-align:justify\"><span style=\"font-size:14.0pt;\nfont-family:&quot;Arial&quot;,sans-serif\">In The House \u2013 C Worldwide<o:p><\/o:p><\/span><\/p><p class=\"MsoNoSpacing\" style=\"text-align:justify\"><span lang=\"ES\" style=\"font-size:14.0pt;font-family:&quot;Arial&quot;,sans-serif;mso-ansi-language:ES\">Zoopreme\nCollabs \u2013 Zoopreme<o:p><\/o:p><\/span><\/p><p class=\"MsoNoSpacing\" style=\"text-align:justify\"><span lang=\"ES\" style=\"font-size:14.0pt;font-family:&quot;Arial&quot;,sans-serif;mso-ansi-language:ES\">De\nCeros \u2013 Kain Amnist\u00eda<o:p><\/o:p><\/span><\/p><p class=\"MsoNoSpacing\" style=\"text-align:justify\"><span lang=\"ES\" style=\"font-size:14.0pt;font-family:&quot;Arial&quot;,sans-serif;mso-ansi-language:ES\">&nbsp;<\/span><\/p><p class=\"MsoNoSpacing\" style=\"text-align:justify\"><b><span lang=\"ES\" style=\"font-size:14.0pt;font-family:&quot;Arial&quot;,sans-serif;\nmso-ansi-language:ES\">Un presente activo<o:p><\/o:p><\/span><\/b><\/p><p class=\"MsoNoSpacing\" style=\"text-align:justify\"><span lang=\"ES\" style=\"font-size:14.0pt;font-family:&quot;Arial&quot;,sans-serif;mso-ansi-language:ES\">&nbsp;<\/span><\/p><p class=\"MsoNoSpacing\" style=\"text-align:justify\"><span lang=\"ES\" style=\"font-size:14.0pt;font-family:&quot;Arial&quot;,sans-serif;mso-ansi-language:ES\">Hoy,\ncon m\u00e1s de dos d\u00e9cadas de camino, Natalicio sigue construyendo desde la m\u00fasica\ny la cultura. Su voz representa la perseverancia de un MC que no solo escribe\nversos, sino que tambi\u00e9n abre puertas para nuevas generaciones, manteniendo\nviva la esencia del Hip Hop como herramienta de transformaci\u00f3n social.<o:p><\/o:p><\/span><\/p><p class=\"MsoNoSpacing\" style=\"text-align:justify\">\n\n\n\n\n\n\n\n\n\n\n\n\n\n\n\n\n\n\n\n\n\n\n\n\n\n\n\n\n\n\n\n\n\n\n\n\n\n\n\n\n\n\n\n\n\n\n\n\n\n\n\n\n\n\n\n\n\n\n\n\n\n\n\n\n\n\n\n\n\n\n\n\n\n\n\n\n\n\n\n\n\n<\/p><p class=\"MsoNoSpacing\" style=\"text-align:justify\"><span lang=\"ES\" style=\"font-size:14.0pt;font-family:&quot;Arial&quot;,sans-serif;mso-ansi-language:ES\">Natalicio\nes prueba de que el rap no se limita a los escenarios: es estudio, trabajo\ncomunitario, autogesti\u00f3n y, sobre todo, conciencia desde los barrios.<o:p><\/o:p><\/span><\/p>\n<p><br><\/p>\n<p><iframe data-testid=\"embed-iframe\" style=\"border-radius:12px\" src=\"https:\/\/open.spotify.com\/embed\/artist\/6fRc7nwuJDftOA4nu4R7zb?utm_source=generator\" width=\"100%\" height=\"352\" frameBorder=\"0\" allowfullscreen=\"\" allow=\"autoplay; clipboard-write; encrypted-media; fullscreen; picture-in-picture\" loading=\"lazy\"><\/iframe><\/p>\n\n\n\n\n\n\n\n\n\n\n\n\n\n\n\n\n\n\n\n\n\n\n\n\n\n\n\n\n","protected":false},"excerpt":{"rendered":"","protected":false},"author":1,"featured_media":0,"parent":184,"menu_order":0,"comment_status":"closed","ping_status":"closed","template":"","meta":{"pagelayer_contact_templates":[],"_pagelayer_content":"","h5ap_radio_sources":[],"footnotes":""},"class_list":["post-714","page","type-page","status-publish","hentry"],"_links":{"self":[{"href":"https:\/\/www.sonidohiphop.com\/index.php?rest_route=\/wp\/v2\/pages\/714","targetHints":{"allow":["GET"]}}],"collection":[{"href":"https:\/\/www.sonidohiphop.com\/index.php?rest_route=\/wp\/v2\/pages"}],"about":[{"href":"https:\/\/www.sonidohiphop.com\/index.php?rest_route=\/wp\/v2\/types\/page"}],"author":[{"embeddable":true,"href":"https:\/\/www.sonidohiphop.com\/index.php?rest_route=\/wp\/v2\/users\/1"}],"replies":[{"embeddable":true,"href":"https:\/\/www.sonidohiphop.com\/index.php?rest_route=%2Fwp%2Fv2%2Fcomments&post=714"}],"version-history":[{"count":8,"href":"https:\/\/www.sonidohiphop.com\/index.php?rest_route=\/wp\/v2\/pages\/714\/revisions"}],"predecessor-version":[{"id":723,"href":"https:\/\/www.sonidohiphop.com\/index.php?rest_route=\/wp\/v2\/pages\/714\/revisions\/723"}],"up":[{"embeddable":true,"href":"https:\/\/www.sonidohiphop.com\/index.php?rest_route=\/wp\/v2\/pages\/184"}],"wp:attachment":[{"href":"https:\/\/www.sonidohiphop.com\/index.php?rest_route=%2Fwp%2Fv2%2Fmedia&parent=714"}],"curies":[{"name":"wp","href":"https:\/\/api.w.org\/{rel}","templated":true}]}}